5*g + 10. Calculate the remainder when 90 is divided by 6/(-45)*g*36.
18
Let d be 141*1/(-9)*-3*12. Let g = d - 212. Suppose 3*b - 220 = 4*j, 5*b + 2*j - 5*j - g = 0. What is the remainder when b is divided by 18?
14
Let x be (225/20 + -2)/((-1)/(-24)). Suppose 10*w = 548 + x. Calculate the remainder when 305 is divided by w.
74
Let n = 105 - 103. Suppose 2*r - 2*q - 129 = -3*r, n*r + 2*q - 60 = 0. Calculate the remainder when 377 is divided by r.
26
Let r(k) = -2*k**3 + 2*k**2 - 4*k + 1060. What is the remainder when r(0) is divided by 107?
97
Let t(r) = -r**2 - 54*r - 64. What is the remainder when 1945 is divided by t(-52)?
25
Suppose 7*k + 34 = 405. Suppose -4*x - 4*f = -1060, 117 = x + 4*f - 157. What is the remainder when x is divided by k?
50
Suppose 0 = 5*o - 15, u + 7*o = 4*o + 11. Let r = 66 + -59. Suppose 5*l - 17 + r = 0. What is the remainder when u is divided by l?
0
Suppose -5*m - 20 = 0, -m - 165 = -4*j - 33. Let z(s) = 98 - 4 - 29*s + 46*s. Calculate the remainder when j is divided by z(-5).
5
Suppose -35*r + 4*p = -36*r + 233, -6 = 3*p. Calculate the remainder when r is divided by 26.
7
Suppose 2*d - 13 = -2*d - 3*y, -2*d - y + 7 = 0. Let q be 6/d*(-48)/(-18)*2. Suppose 2*k = 18 + q. What is the remainder when 88 is divided by k?
10
Let a(d) = d**3 + 19*d**2 - 81*d - 211. Calculate the remainder when a(-21) is divided by 2 + 1*(-4 - -15).
10
Let y be (-13)/((5 - 2)/(-3)). Suppose 2*t - y = 5. Suppose 109 + 507 = 4*s + 10*s. What is the remainder when s is divided by t?
8
Let l be (0 + 2)/((-324)/316 - -1). Let h be 1/(35/(-10)) - l/7. Suppose 0 = -m + 11 + h. What is the remainder when 108 is divided by m?
20
Suppose 0 = -3*l - z + 787, 2*l - 6*l + 1048 = z. What is the remainder when l is divided by 88?
85
Suppose 132 = 340*i - 336*i - 4*r, i = -4*r + 63. Calculate the remainder when 826 is divided by i.
7
Suppose -3*d + 14 = -4. Let j be d/4*(-304)/(-6). Suppose 15*s + j = 19*s. Calculate the remainder when 113 is divided by s.
18
Let b(h) be the first derivative of 1/2*h**2 - 12*h - 15 + 1/3*h**3. Calculate the remainder when 71 is divided by b(5).
17
Suppose -3*y + 1728 = g, -3*y - 110*g + 1731 = -108*g. What is the remainder when y is divided by 44?
3
Calculate the remainder when 1710 is divided by (-1 + ((-19)/(-5) - 4))/(3/(-330)).
126
Suppose 4*o = 846*v - 842*v + 200, -4*v + 12 = 0. What is the remainder when 230 is divided by o?
18
Let f = -92 + 96. Let j be (5/f)/(5/(-20)). Calculate the remainder when (59 - (12 + j)) + 3/1 is divided by 7.
6
Let q be (-10)/(-6)*(-9)/(-5). Suppose q*l = -3*l + 4014. What is the remainder when l is divided by 14?
11
Let p = -737 - -2231. Calculate the remainder when p is divided by 150.
144
Let u = 1290 + -770. Calculate the remainder when u is divided by 44.
36
What is the remainder when (1700/125)/(2*3/555) is divided by 313?
6
Suppose 3*k = 38*k - 3010. Let p(g) = -2*g**3 - 32*g**2 - 33*g - 15. Calculate the remainder when k is divided by p(-15).
26
Suppose -27*y + 33*y = 432. Suppose -t = -4*t + y. What is the remainder when 59 is divided by t?
11
Suppose -12*o - 3640 = -17*o. Suppose 168*p = 181*p - o. Suppose 5*c - 4*w - 22 = 4*c, -94 = -3*c - 2*w. Calculate the remainder when p is divided by c.
26
Let g(i) = -i**3 + 11*i**2 - 21*i + 20. Suppose -138 = -20*f + 42. What is the remainder when g(8) is divided by f?
8
Let f(s) = -s**2 - 6*s - 1. Let m(w) = 6*w - 5. Suppose -o = -6*o + 5*d, 21 = 4*o + 3*d. What is the remainder when m(o) is divided by f(-4)?
6
Let b(i) = 5*i + 22. Let k be b(-4). What is the remainder when ((-4)/64*-372)/(k/8) is divided by 28?
9
Let d(q) = 121*q - 1. Let i be (16/40)/((-1)/(-10)). Let y be d(i). Suppose -17*b - 177 + y = 0. What is the remainder when b is divided by 12?
6
Suppose -59 - 37 - 48 = -8*z. Calculate the remainder when 30 is divided by z.
12
Suppose 66*u = -11*u + 93709. What is the remainder when u is divided by 404?
5
Let v(z) = z**3 - 2*z**2 + z + 25. Let o be ((-20)/35)/(3/(378/(-12))). Calculate the remainder when v(o) is divided by 16.
15
Suppose f = -2*i + 631 - 373, 2*i - 260 = -2*f. Calculate the remainder when 406 is divided by i.
22
Suppose -154*r + 1794 = -208. Let n(h) = h + 4. Let c be n(-3). What is the remainder when (-75)/(-9)*6/c is divided by r?
11
Let m be (57 - 6)/((-15)/(-25)). Suppose -7*x + 27 = -m. Let q(w) = 7*w + 1. Calculate the remainder when q(6) is divided by x.
11
Let r be (-4 - (-682)/4) + (-12)/8. Suppose -155 = r*g - 170*g. What is the remainder when 150 is divided by g?
26
Let z(s) be the third derivative of -287*s**4/24 - 8*s**3/3 + s**2 + 27*s. What is the remainder when z(-2) is divided by 56?
54
Suppose 0 = -18*f + 5*f - 117. Let w(r) = -2*r**3 - 20*r**2 - 21*r - 4. Calculate the remainder when w(f) is divided by 14.
9
Let b be 1 + (-177)/6 + 9/18. What is the remainder when 64 is divided by (-6)/4 - 1666/b?
6
Suppose 3*g - 45*d + 46*d = 16, -g = 5*d - 10. Suppose 0 = -g*i + 4*o + 135 + 401, 0 = -5*o + 5. Calculate the remainder when i is divided by 30.
18
Let k(d) = d**2 - 6*d - 26. Suppose -5*p - 5*p + 100 = 0. Calculate the remainder when 80 is divided by k(p).
10
Suppose -1 + 21 = 3*y + o, -4 = 2*y + 5*o. Let q be (-2*4)/((-4)/y). Suppose 5*s - 104 = q. Calculate the remainder when 142 is divided by s.
22
Suppose 2685 - 12453 = -22*x. What is the remainder when x is divided by 422?
22
Let d be 12/10*(-5)/(-2). What is the remainder when (-2 - (2 + -1)) + 92 + (14 - 12) is divided by (-91)/(-3) - (-2)/d?
29
Suppose -18626*m + 18696*m = 67900. Calculate the remainder when m is divided by 75.
70
Let o(p) = -8*p**2 - 73*p. Suppose 4 = -2*w + 12, 8 = j - 4*w. What is the remainder when j is divided by o(-9)?
6
Let c(z) = 28*z - 33. Suppose -5*x + 2*y = -40, 0 = -4*x + 5*x + y - 15. Calculate the remainder when c(x) is divided by 62.
61
Suppose 5*u = -0*u. Suppose -4*s - a + 547 = -s, 2*a - 8 = u. Suppose 4 - s = -3*n. Calculate the remainder when n is divided by 16.
11
Let f(h) = 5*h**2 + 7*h + 6. Let p be f(-4). Let i = 56 - p. What is the remainder when ((-112)/(-20))/(-3*i/30) is divided by 19?
9
Let x = -474 - -522. Calculate the remainder when x is divided by (-20)/3*(-2 + (-3 - -2)).
8
Let r(n) = n**3 - 2*n + 13. Let y = -33 + 59. Let u = 51 - y. What is the remainder when u is divided by r(0)?
12
Suppose -3*p + 5*a + 4130 = 1172, -4914 = -5*p + 3*a. Suppose -p*f + 976*f + 1180 = 0. What is the remainder when f is divided by 22?
16
What is the remainder when (17 + 34160/(-64))*8/(-3) is divided by 77?
69
Let n(u) = 2*u**2 - 9*u + 27. Let y = 235 + -232. What is the remainder when 98/3 - 1/(-3) is divided by n(y)?
15
Let b = -1479 + 1543. Calculate the remainder when 163 is divided by b.
35
Let k(p) = p**3 - 37*p**2 + 187*p - 19. Calculate the remainder when 13039/255 + (-2)/15 is divided by k(31).
3
Suppose -2*y + 3*f = -2559, -28*f = 2*y - 24*f - 2510. Calculate the remainder when y is divided by 156.
21
Let d = -3779 + 3952. Calculate the remainder when d is divided by 62.
49
Let m = -1857 + 1929. Calculate the remainder when m is divided by (-2)/1 + (-3 - -42).
35
Suppose 11*p - 9*p - 12 = 0. Let d(q) = 45*q - 41. Calculate the remainder when d(3) is divided by p.
4
Let s = 67 - 65. Suppose -s*x + 26 = 8. Suppose 2*f - x = 3. What is the remainder when 6 is divided by f?
0
Calculate the remainder when 202 is divided by -7 - ((-10570)/91 + 6/39).
93
Suppose -502 - 365 = -17*s. What is the remainder when 91 is divided by ((-69)/2)/(s/(-68))?
45
Suppose 3228 - 66 = 31*t. Calculate the remainder when 301 is divided by t.
97
Calculate the remainder when 2988 is divided by ((2/3)/(-2))/(6738/(-306) + 22).
13
Suppose -4*i + 0*i = -4*g + 232, 4*g + 3*i - 246 = 0. Let l = -43 + g. What is the remainder when 441 is divided by l?
16
Let a be 2 + 2 + -4 - (-2 - -10). Let r(h) = 4*h**2 + 10*h - 30. What is the remainder when r(a) is divided by 13?
3
Calculate the remainder when 253 is divided by (-16500)/(-135) - (-217)/279.
7
Suppose 2*y - 6 - 1 = -5*p, 0 = 4*y + p - 23. Calculate the remainder when 81 is divided by y.
3
Let k = -61 - -69. Suppose 0 = k*t - 10*t + 280. Suppose t - 5 = 5*s. What is the remainder when 106 is divided by s?
25
Let l be -5 - 665/(-75) - (-8)/60. Suppose -10*o + 5*o + 